 14 - -106310715?
106310731
In base 9, what is -116 - -346282?
346165
In base 5, what is 1231110021 - 3?
1231110013
In base 15, what is 1117 + -5c8?
a3e
In base 7, what is -13213 - 13556?
-30102
In base 10, what is 116584343 - -8?
116584351
In base 8, what is -37050 - -367?
-36461
In base 8, what is -2203540 + 22?
-2203516
In base 10, what is -9383599 + -3?
-9383602
In base 11, what is -22 - -2aa7014?
2aa6aa2
In base 14, what is 3 - -c8b893?
c8b896
In base 11, what is 4 - 137a03?
-1379aa
In base 3, what is 110111101 - 100122002?
2212022
In base 6, what is -14405 - 1010123?
-1024532
In base 4, what is 10132003333000 - -11?
10132003333011
In base 4, what is -11031003222112 - -2?
-11031003222110
In base 11, what is 3 + 161628?
161630
In base 12, what is 17 - -7161ba?
716215
In base 3, what is -20012102001210 + -1120?
-20012102010100
In base 8, what is 1 + 310524764?
310524765
In base 16, what is 1c9be0d5 - -5?
1c9be0da
In base 13, what is -142198 - 524?
-1426bc
In base 2, what is 0 + -1001001110110111110011?
-1001001110110111110011
In base 14, what is -7d979 - 4?
-7d97d
In base 11, what is 90434 + -418?
90017
In base 6, what is 1500011 - -43030?
1543041
In base 12, what is 112b82 + 6?
112b88
In base 4, what is -11 - -2232110231121?
2232110231110
In base 7, what is -4 - -50664641?
50664634
In base 14, what is da - -20d99?
21095
In base 12, what is 1 + 14367b96?
14367b97
In base 10, what is -3 + -21079948?
-21079951
In base 6, what is 4224252332 + -3?
4224252325
In base 8, what is 37234517 + -20?
37234477
In base 15, what is a14 + 5556?
606a
In base 7, what is 1424102 + -460?
1423312
In base 13, what is 497ac + 4a?
49829
In base 15, what is -7 + b77e08?
b77e01
In base 2, what is 1110111011 - 101011110111111110?
-101011101001000011
In base 4, what is -213002210 + 123103?
-212213101
In base 8, what is 160261 - -175?
160456
In base 11, what is -565aa + 1538?
-55072
In base 12, what is -1258944 + -9?
-1258951
In base 15, what is -3d21a - -51?
-3d1b9
In base 11, what is 538673 - 2a6?
538378
In base 3, what is -2120111201100 - -200?
-2120111200200
In base 2, what is 1001111 + 11001110010010111010?
11001110010100001001
In base 14, what is 75424730 - 2?
7542472c
In base 6, what is 41230 + -33042?
4144
In base 11, what is -2 - -21a1448?
21a1446
In base 9, what is 1248585 - 140?
1248445
In base 9, what is 1546516 + -121?
1546385
In base 13, what is 14836 + -55b?
142a8
In base 11, what is 1318 - -537?
1854
In base 11, what is -7 - 3a7996?
-3a79a2
In base 9, what is 26481 - -12281?
38772
In base 7, what is 5 + 4564263?
4564301
In base 6, what is 22 + -11250213?
-11250151
In base 8, what is 5311 + 20141?
25452
In base 12, what is 1608b20 - 3?
1608b19
In base 16, what is -1662471 + 1?
-1662470
In base 12, what is 162a805 - -2?
162a807
In base 2, what is 10100011000111 - -110010010101?
11010101011100
In base 4, what is -230100 - -1233130?
1003030
In base 6, what is 1123113355 - 10?
1123113345
In base 4, what is -21201213223203 + 21?
-21201213223122
In base 5, what is -30 - 204010210?
-204010240
In base 11, what is 33 - 245a73?
-245a40
In base 6, what is 545 - 313111?
-312122
In base 8, what is 2634 + -51700?
-47044
In base 9, what is -1140375 + 1082?
-1138283
In base 5, what is -10 - -2102423212?
2102423202
In base 7, what is -136 - 41140041?
-41140210
In base 13, what is -2830008 - 4?
-283000c
In base 9, what is -24 + -14826166?
-14826201
In base 8, what is 63 - -402202?
402265
In base 15, what is -12b2534 + 6?
-12b252d
In base 13, what is 1 - 700b36?
-700b35
In base 5, what is 104122322212 + 4?
104122322221
In base 13, what is 5b94 - 14b?
5a46
In base 11, what is 269728 - 13?
269715
In base 9, what is -283463 - -517?
-282845
In base 6, what is -143321 - -3452?
-135425
In base 15, what is -712233 + 3?
-712230
In base 3, what is 0 + -20202222101?
-20202222101
In base 5, what is 1010031 - 31303?
423223
In base 16, what is 1 + -23f0f5f?
-23f0f5e
In base 7, what is 22 - 100010034?
-100010012
In base 16, what is -3c + 1ebe7c?
1ebe40
In base 15, what is -1817 - e37?
-274e
In base 3, what is 21 - 12012220121202?
-12012220121111
In base 13, what is 6 + 102bb9b?
102bba4
In base 5, what is -11311113 - -444?
-11310114
In base 16, what is -cd - 19d6d?
-19e3a
In base 12, what is 0 + -4b59286?
-4b59286
In base 8, what is -7164447 - 10?
-7164457
In base 5, what is -3 - 104041200242?
-104041200300
In base 10, what is 2 - 454753?
-454751
In base 2, what is 1111001000 - 1000000100010100?
-111110101001100
In base 4, what is -2330223110313 - 10?
-2330223110323
In base 15, what is 0 - 25d855?
-25d855
In base 12, what is -2264bb + 26?
-226495
In base 9, what is -17 + 10358506?
10358478
In base 12, what is -2 + 10596a33?
10596a31
In base 11, what is 1243 - 23161?
-21a19
In base 11, what is 32 - 11069?
-11037
In base 8, what is 13 + -503206?
-503173
In base 15, what is -2a0915 + e?
-2a0906
In base 2, what is -10101100110011101 + -10011001?
-10101101000110110
In base 2, what is -1001010101101000011 + -10001110?
-1001010101111010001
In base 12, what is 120a2 - 163?
11b3b
In base 6, what is -44 + -5325225?
-5325313
In base 3, what is -10222200 - -102020012?
21020112
In base 7, what is -46562 - -23643?
-22616
In base 5, what is 1 - -2234423240?
2234423241
In base 4, what is 10123 - -20033220?
20110003
In base 2, what is -110 - 1011000110101110100101?
-1011000110101110101011
In base 10, what is 5 - -3679115?
3679120
In base 7, what is -103642620 + -54?
-103643004
In base 16, what is -231a8e - -4?
-231a8a
In base 4, what is -300001212223 + -3?
-300001212232
In base 14, what is 1 - 2465da?
-2465d9
In base 7, what is -222212 - -131?
-222051
In base 13, what is 39c4 + 3426?
711a
In base 10, what is 3 - -145109645?
145109648
In base 9, what is -110 - 276556?
-276666
In base 13, what is -3245426 + 5?
-3245421
In base 11, what is 1a98947 + -a2?
1a98855
In base 8, what is -2510070112 - -1?
-2510070111
In base 11, what is 4440944 - 7?
4440938
In base 3, what is 12220 - 102110010222?
-102102221002
In base 14, what is -11d5c926 - 2?
-11d5c928
In base 15, what is -22 - 5ba1d2?
-5ba204
In base 15, what is -2 - -1b0eb7?
1b0eb5
In base 14, what is 10c - -2d873d?
2d884b
In base 15, what is 3cd5 - 2375?
1960
In base 13, what is 3 - -1597a848?
1597a84b
In base 12, what is -3a53 - 17133?
-1ab86
In base 2, what is -111 - -101100011100001101111011?
101100011100001101110100
In base 4, what is 133202020203 + 2?
133202020211
In base 4, what is -2130100303 + 113213?
-2123321030
In base 6, what is 14 - 254023201?
-254023143
In base 9, what is -456488883 - -10?
-456488873
In base 5, what is -1000 + -240131203?
-240132203
In base 15, what is -13850e - 1c?
-13852b
In base 2, what is -1001011000001101110 - 100100?
-1001011000010010010
In base 12, what is -153948 + -1a?
-153966
In base 6, what is -1 - -45222241?
45222240
In base 10, what is -2 + 2639856?
2639854
In base 2, what is 100 - 101001001010100111101010?
-101001001010100111100110
In base 6, what is 555 - 1044534?
-1043535
In base 9, what is 83823 + -220?
83603
In base 8, what is 257207 - -130?
257337
In base 14, what is 4d0 + -6727d?
-66b8d
In base 3, what is 101001 + 12021110020?
12021211021
In base 10, what is -42 + -2123647?
-2123689
In base 12, what is -3b - -158718?
158699
In base 8, what is -264326734 + 5?
-264326727
In base 9, what is 470 + 170745?
171325
In base 3, what is 211000020200 + -22?
211000020101
In base 15, what is -50ca4 + -3?
-50ca7
In base 4, what is 221 + -10202023133?
-10202022312
In base 12, what is -804 + -9750?
-a354
In base 7, what is 4142 - 354311?
-350136
In base 8, what is 14050266 - 1?
14050265
In base 13, what is -62683262 - -2?
-62683260
In base 6, what is -225 + -543524?
-544153
In base 7, what is -14341 - -225033?
210362
In base 7, what is 441 + -5226023?
-5225252
In base 12, what is 102a4 + 381?
10665
In base 11, what is -1740 - -161?
-158a
In base 7, what is 135 + 1526506?
1526644
In base 5, what is -24143032 + -321?
-24143403
In base 3, what is -10 + 11212221211200101?
11212221211200021
In base 16, what is -3fe5a439 - -1?
-3fe5a438
In base 12, what is -165888 - 10b?
-165997
In base 11, what is -44a52 + -17?
-44a69
In base 5, what is 2404 + 144012442?
144020401
In base 4, what is -20022003 - -10131111?
-3230232
In base 13